Let w be h(l). Let j = -14 - w. What are the prime factors of j?
2, 3
Let l(f) = -7*f**2 - f - 2. Let u(s) = -14*s**2 - 2*s - 4. Let n(v) = 7*l(v) - 3*u(v). Let q be n(-2). Let j = q - -40. List the prime factors of j.
2, 3
Let i(z) = 3*z - 10. Let k be i(7). Let m(y) = 3*y - 2. Let r be m(7). Let c = r - k. List the prime factors of c.
2
Suppose -5*y + 8 = -12. Suppose 48 = 4*r + f, -y*f + 5 = -r - 0*r. List the prime factors of r.
11
List the prime factors of 59 - 1 - (1 - -1).
2, 7
Suppose -4*b + 11 = -25. Suppose -4*n = -b*n + 170. List the prime factors of n.
2, 17
Let s be (1*-1)/((-2)/(-14)). Let z = 11 + s. Suppose 19 = 4*o + x, 0*o + 4*x - z = -4*o. List the prime factors of o.
2, 3
Let m(f) = -f**3 - 9*f**2 + f + 11. Let k be m(-9). Suppose k*a - 18 = a + 4*w, -3*a = -5*w - 33. What are the prime factors of a?
2, 3
Suppose 3*k + 4*h = 617, -4*h + 195 = k - 0*k. What are the prime factors of k?
211
Let b(d) = -d + 1. What are the prime factors of b(-1)?
2
Let v be (-4)/(-10) + 219/15. What are the prime factors of (v/4)/((-2)/(-8))?
3, 5
Suppose -8*c + 4*c = -112. List the prime factors of c.
2, 7
Suppose 5*z - 7*z + 4 = 0. Let a(h) = h**2. What are the prime factors of a(z)?
2
Let p(i) be the first derivative of i**2 - 13*i + 5. What are the prime factors of p(10)?
7
Let g(t) be the first derivative of 3*t**2/2 - t + 4. Let m(q) = -3*q**3 + q**2 - q - 1. Let s be m(-1). What are the prime factors of g(s)?
11
Let u = -12 + 7. Let d = 0 - u. List the prime factors of d.
5
Let p(o) = 4*o. Let j(v) = -v. Let x(f) = 3*j(f) + p(f). Let d be 3/(2/(8/3)). List the prime factors of x(d).
2
Let d = 8 + -6. Suppose -r - d*r + 81 = 0. List the prime factors of r.
3
Let o = 2 - -1. Suppose -o*d + a + 3*a = -67, -3*a - 24 = -d. List the prime factors of d.
3, 7
Let x(w) = w**2 - 5*w. Let y = -1 + 6. Let j be x(y). Let o(d) = d + 3. List the prime factors of o(j).
3
Let k(m) = m**2 - 1. Let p be k(1). Suppose p = 3*b - 42 - 33. What are the prime factors of b?
5
Let b = 0 + 6. Suppose 118 = 4*r + b. What are the prime factors of r?
2, 7
Let m(t) be the first derivative of -t**2 - 2*t + 3. What are the prime factors of m(-2)?
2
Suppose -2*m + 9 = -0*g + g, -3*m = 0. Let b = -6 + g. What are the prime factors of (27/(-6))/(b/(-8))?
2, 3
What are the prime factors of ((-4)/4)/(2/(-34))?
17
Let m = -125 + 199. List the prime factors of m.
2, 37
Let o = -18 - -19. List the prime factors of (-19)/(o + (0 - 2)).
19
Suppose 6*t - 26 = -5*i + 2*t, 2*t - 6 = i. Suppose i*u - 74 = -16. List the prime factors of u.
29
Let a(z) = z**3 - 3*z**2 + 1. Let l(s) = -s**3 - s**2 + s. Let d be l(-2). Let u be a(d). List the prime factors of (-24)/(-9) - (-2)/u.
2
Suppose k = 3*u - 348, -93 = -u + 5*k + 9. List the prime factors of u.
3, 13
Suppose 4*u - 68 = -0*u. List the prime factors of u.
17
Let y(c) = c**2 - 5*c - 3. Let m be y(6). Suppose 7 = -m*u - 5. Let a = 8 + u. List the prime factors of a.
2
Suppose -2 = -5*l + 148. What are the prime factors of l?
2, 3, 5
Let n be (-24)/(-13) - (-6)/39. Suppose m = 2*m + n. List the prime factors of (-5)/m*6 - 2.
13
Let r(l) = -14*l + 4. List the prime factors of r(-2).
2
Let m(q) = -q**2 - 4*q - 4. Let a be m(-3). Let b be -3 + -1 + (-1 - a). Let p(t) = 2*t**2 + 6*t + 4. List the prime factors of p(b).
2, 3
Let u(q) = 17*q + 1. Let z be u(1). Let m = -13 + z. List the prime factors of m.
5
Let n(p) = -9*p - p**2 - 1 + 1. What are the prime factors of n(-7)?
2, 7
Let s = 35 + -14. List the prime factors of s.
3, 7
Let w(c) = 2*c**2 + 2*c + 3. Let d be ((-4)/(-3))/(2/6). Suppose 0 = -2*f - 4*m + 4, 6 + d = 5*m. List the prime factors of w(f).
7
Suppose 3*c = 2*t + 307, 3*t = 4*t - 1. List the prime factors of c.
103
Let w be (5 + -4)*-1*-5. Suppose -u - 60 = -w*u. List the prime factors of u.
3, 5
Let g be (-56)/((4 + -3)/(-1)). Suppose -5*z = -z - g. List the prime factors of z.
2, 7
Let l be 2 + (1 - (-1 - 10)). Let p = 5 + l. List the prime factors of p.
19
Let x(u) = u**2 + 4*u + 6. Let g = 2 - 7. What are the prime factors of x(g)?
11
Suppose 5 = 2*f - f + 5*k, k = 3*f + 1. Let d be ((-2)/5)/(1/(-10)). Suppose f*l + 12 = d*l. What are the prime factors of l?
3
Suppose -3*x = 3*d + 3 - 9, 0 = -5*d - 3*x + 20. Let n = 1 - d. Let y = n - -9. What are the prime factors of y?
3
Let l be 4/(-18) + 550/45. Let x = l - 7. Suppose -x*r + 2*m + 125 = 0, 3*r - 2*r - 33 = 2*m. What are the prime factors of r?
23
Let t(d) = -d + 6. Let c be t(3). Suppose j - f - 32 = 4*f, -c = -3*f. What are the prime factors of j?
37
Suppose 3*z - 30 - 6 = 0. List the prime factors of 4/z + 28/6.
5
Suppose 3*f - 42 - 29 = g, -4*f + 112 = 3*g. List the prime factors of f.
5
Let w(z) = z - 1. Let d be w(-2). Let y = -3 - d. Suppose 4*b - 24 = -y*b. List the prime factors of b.
2, 3
Suppose 0 = -5*q, q + 4*q - 3 = -w. Suppose 5*m - 5*c - 170 = 0, 3*c - 96 = -w*m - 0*c. List the prime factors of m.
3, 11
Suppose -i - 3 = n + 6, 0 = -2*i + 3*n + 7. Let o be 8/5*(-30)/i. Suppose 0 = 4*g - o, 3*a - 5 = 2*g + 13. List the prime factors of a.
2
Let j(p) be the first derivative of -p**2 - 3*p + 1. Let r be j(-3). Suppose -d + r = -2. What are the prime factors of d?
5
Let n be 12/8*(-32)/6. Let d(y) be the third derivative of -y**5/60 - 5*y**4/12 - y**3 + 2*y**2. What are the prime factors of d(n)?
2, 5
Suppose -6 = -3*t - 0. Suppose -b + t = r - 8, 4*r = 4*b. List the prime factors of b.
5
Suppose 0 = 3*n - 0*n + 5*v + 26, -14 = 5*n + v. Let j be (n - -20) + (-2)/2. Let y = -6 + j. List the prime factors of y.
11
Let y be 1 - -6*3/(-2). Let j = y + 6. List the prime factors of 13 + j + (-2)/(-2).
2, 3
List the prime factors of 20 + (2 - (-2 - -4)).
2, 5
Let j(b) = 0*b + 2 - 6 - 4*b + b**2. What are the prime factors of j(-4)?
2, 7
Let u = -64 + 143. What are the prime factors of u?
79
Let g = 3 - -1. Suppose -g*x - 204 = -7*x. Suppose 14 = -3*u + x. List the prime factors of u.
2, 3
Suppose 0 = 56*v - 60*v + 600. List the prime factors of v.
2, 3, 5
Suppose o - 3*j = 79, 3*o + 6*j - 261 = 3*j. List the prime factors of o.
5, 17
Let f be 2/(-7) + 6/21. Let m be (f - 4)*(-3)/6. Let i = 8 + m. List the prime factors of i.
2, 5
Let j(k) = -16*k. Let b be j(-1). Suppose -4 = 5*i + 2*p, -5*p + 6 - b = 0. Suppose i = 2*o - 4. What are the prime factors of o?
2
Let s be (-9)/6*40/(-15). Suppose 4*u + s*n - 244 = 0, -3*n + 61 = u + n. List the prime factors of u.
61
Suppose -y + 24 = 3*r + 2*y, 8 = r - 3*y. Suppose -3*a - 3*u + 60 = 0, 3*a + 4*u + 0*u = 64. Let t = a - r. List the prime factors of t.
2
What are the prime factors of (9/(-15) - (-13)/5) + 267?
269
Let k(b) = -b**2 + 1. Let z(t) = -7*t**2 + 2*t - 12. Let i(f) = 6*k(f) - z(f). What are the prime factors of i(0)?
2, 3
Let s = 5 - 2. Suppose 5*v = -q + 29, 5*q - 83 + 22 = s*v. List the prime factors of q.
2, 7
Let s be (4/6)/(4/18). Let p(l) = 1 + 0*l - 2*l**s + 3*l**3 - 2*l + 4*l**2. List the prime factors of p(-4).
3
Suppose s = 2*s - 13. List the prime factors of s.
13
Let d be -3 + 1 + (-10)/2. List the prime factors of d*3/6*-4.
2, 7
Suppose -6 - 10 = -4*j. List the prime factors of 2/j - 10/(-4).
3
Suppose 3*w = -5*u - 0*w + 658, 4*u + 4*w - 528 = 0. What are the prime factors of u?
131
Suppose 1 = 2*v - 49. Let o = v - 6. What are the prime factors of o?
19
Let u(s) = 24*s**2 - s. Let j(h) = -h**2 + 6*h - 5. Let i be j(5). Let g = 1 - i. List the prime factors of u(g).
23
Suppose 2*x + 4*u - 40 = 0, 0*x - x = -u - 5. Let t(w) = w**3 - 9*w**2 - 8*w - 8. What are the prime factors of t(x)?
2, 3
Let c be (-40)/(-3) + (-4)/(-6). Let r = c - 9. What are the prime factors of r?
5
What are the prime factors of (12/10)/((-26)/(-1105))?
3, 17
Let d(j) = -j**3 - 8*j**2 - 13*j. List the prime factors of d(-8).
2, 13
Let s be (0/(12/3))/(-1). Suppose s = 4*j - 192 + 28. What are the prime factors of j?
41
Suppose -48 = p + 3*p. List the prime factors of 31/4 - (-9)/p.
7
Let v = 7 + -5. Let s(t) = -t**2 + 10*t - 1. Let x be s(5). Suppose 0*k = v*k - x. List the prime factors of k.
2, 3
Suppose -3*f - 12 + 3 = 0. List the prime factors of (12/f)/(-1 - 0).
2
Let v(t) be the first derivative of 1/3*t**3 + 0*t + 0*t**2 + 1. What are the prime factors of v(3)?
3
Let j be 89/(-5) + 2/(-10). What are the prime f